- 11*j - 43*j**2 - 43*j**2 - 2. Let q(i) = -6*o(i) - 7*x(i). What is q(7)?
26
Let o(p) be the third derivative of -p**5/60 - 11*p**4/12 - 31*p**3/6 + 4415*p**2. Calculate o(-20).
9
Let a(s) = -1. Let i(f) = f + 14. Let c(b) = 6*a(b) + i(b). Suppose -3*h - 4*j + 16 = -22, 4*j - 8 = 0. Suppose -8 = 3*p + h. Give c(p).
2
Let a be 2/4 + (-5)/2. Let w(s) be the first derivative of -1/2*s**2 + 6 - 2*s. Calculate w(a).
0
Let m(w) = -13*w**2. Let p(f) = -10*f + 2. Let u be p(-1). Let g = u - -27. Let l be (26/g)/(3/((-18)/(-4))). Calculate m(l).
-13
Let v(t) be the first derivative of -t**4/4 + 3*t**3 - 11*t**2/2 - 6*t - 5693. Calculate v(8).
-30
Let j be (-9)/((-18)/16) + -3. Suppose -3*f + 5*m = 13, -j*f - m = -1 - 24. Let r(v) = 2*v - 8. Give r(f).
0
Let m be 3*((-340)/(-12) + (-6)/(-9)). Let n(d) = -3*d - m + 47 + 8*d + 47. What is n(6)?
37
Suppose 11*h - 30 + 147 + 26 = 0. Let p(o) = -4*o + 18. Determine p(h).
70
Let m(f) = f**2 + 3*f - 2. Let o(k) = 21*k + 18. Suppose -18*b - 16 = -2*b. Let d be o(b). What is m(d)?
-2
Let v = -40 + 57. Suppose -5*j - v = 4*t, 4*j - 2 + 21 = -5*t. Let f(o) = o + 1. Let s(w) = -2*w - 7. Let r(b) = 5*f(b) + s(b). Give r(t).
-11
Suppose -6*x - 5*n = -x + 30, 2 = -3*x + n. Let u = -248 + 251. Let h(i) = -7*i + 1 + 12*i - 3 + i**2 - u*i. Give h(x).
-2
Let x = -1 - -3. Let c(d) = d**2 + 3 - 2 + 0*d**2 - 2*d**x. Let m be 5/(-5)*3*2/6. Give c(m).
0
Suppose -5*a + x = 1, 289*a = 284*a - 3*x + 3. Let v(w) = -10*w - 3. Let r(z) = 7*z + 2. Let o(k) = -7*r(k) - 5*v(k). Determine o(a).
1
Let p(i) be the first derivative of i**4/4 + 8*i**3/3 + 15*i**2/2 - i + 1654. Determine p(-5).
-1
Let x = 12 - 7. Let t(s) be the second derivative of s**3/3 - s**2/2 + 2*s + 100. What is t(x)?
9
Let y(g) = g**3 + 5*g**2 + 5*g. Let s be y(-4). Let r(q) be the first derivative of q**3/3 + 7*q**2/2 + 5*q + 5082. What is r(s)?
-7
Let l(g) = -38*g**2 + 2*g + 3. Let v = -10079 - -10078. Give l(v).
-37
Let b(h) = -h**3 - h**2 + h + 4. Let y(w) = -19*w**3 - 3*w**2 - 2*w - 3. Let m be y(-2). Let k be (-2)/15 + m/45. Suppose 3*s = -k*s + 3*s. Give b(s).
4
Let d(m) = 8*m + 241. Suppose 157*o - 153*o + j + 121 = 0, 3*o = -j - 91. Determine d(o).
1
Let l(x) = 23*x + 1. Suppose -5*z + 2*g + 8 = 9, -3 = -g. What is l(z)?
24
Suppose -4*i = -2*o + 30, -2*o - o + 3*i = -30. Suppose 4*s - 2 = -r - 0*s, o*r - 2*s = 10. Let p(h) = -21*h**r + 20*h**2 + 2 + 4*h - 3*h. What is p(3)?
-4
Let k(t) be the first derivative of -t**4/12 + 13*t**3/6 + t**2 + 10*t - 109. Let b(r) be the second derivative of k(r). Calculate b(5).
3
Let h(t) be the second derivative of t**5/20 + t**3/3 + 3*t**2 - 773*t. Calculate h(0).
6
Suppose -14*h + 16*h = 26. Let i(p) = p + 25*p**2 - h*p**2 + 11 - 14*p**2. Let v(y) = -y**2 + y + 6. Let a(l) = 6*i(l) - 11*v(l). Calculate a(-3).
6
Let m = -41451 + 41446. Let q(h) = -49*h - 49. Let u(z) = -10*z - 10. Let j(v) = 3*q(v) - 14*u(v). Give j(m).
28
Let b(m) = -65*m - 310. Let k(g) = -8*g - 38. Let d(f) = -2*b(f) + 17*k(f). Calculate d(-6).
10
Let u(a) be the first derivative of 8/3*a**3 - 5*a - 14 + 3*a**2 + a**4. Let i(c) = 3*c**3 + 7*c**2 + 6*c - 5. Let x(d) = 5*i(d) - 4*u(d). What is x(4)?
3
Let d(k) = 12359385*k**3 + 6 - 5*k**2 - 12359386*k**3 + 5*k - 7. Let q(o) = -o**3 + 5*o**2 - o + 5. Let m be q(5). Suppose -3*t + m*t = 15. What is d(t)?
-26
Let y(i) = i**2 + 3*i - 3. Let k = 854 + -857. Let t = -1 + 2. Let n be (-8*t - k)*1. Calculate y(n).
7
Let j(s) = -17*s + 3. Let t be ((-4)/(-66)*(-44)/(-16))/((-1)/(-6)). Determine j(t).
-14
Suppose -t - 3*r + 7*r = -1, -2*t + 2 = -r. Let a(o) = 20*o + 2. Determine a(t).
22
Let t(c) = c**2 - 8*c - 2. Suppose 45 = 4*h - 19. Let n(o) = -2*o + 17. Let p be n(8). Let z be -116*(-1)/h - p/4. Give t(z).
-9
Let h(v) = -2*v + 4*v + 104 - v - 102. Suppose 0 - 8 = 4*t. What is h(t)?
0
Let x = -19894 + 19932. Let v(z) = z**2 - 39*z + 28. What is v(x)?
-10
Let h be (-6 + (12 - 7))*5/(-10). Let o(b) be the third derivative of 0*b - 20*b**2 - 1/6*b**5 + 5/2*b**3 - 1/120*b**6 + h*b**4 + 0. Determine o(-11).
4
Suppose -67 = 2601*q - 2634*q + 65. Let h be 4/1 + 0/(-1). Let y(z) = -1 - 12*z + h - q. Calculate y(1).
-13
Let l be (3*(-2 - -1))/(-1). Let o(w) = -w**3 + 2*w**2 + 4*w - 3. Let p be o(l). Let q(c) = c + 2 - 1 - c**3 - c**2 + 5. Give q(p).
6
Let s = -260 - -297. Let x(d) = 2 + 39*d + 3*d**2 - d**2 - 2*d**3 - s*d. Give x(3).
-28
Let l(z) = 19*z + 195 - 60 - 108. Calculate l(-4).
-49
Let z(g) be the first derivative of g**3/3 + 7*g**2 + 35*g - 639. Determine z(-8).
-13
Suppose -q - 2*r - 146 = -133, 33 = -3*q - 3*r. Let n(h) = h**3 + 9*h**2 + 5*h - 4. What is n(q)?
-49
Suppose 3*l = -5*n + 36, 19 = l + 18*n - 14*n. Let a be (1/(-3))/(l/(-231)). Let y(d) = -d + 22. What is y(a)?
11
Let l = 4504 + -4523. Let w(c) = c**3 + 19*c**2 - 4*c - 41. What is w(l)?
35
Let v(r) = -1300 + 1288 - 8*r**2 + 3964*r - 3976*r. What is v(-5)?
-152
Let w(k) = -18*k + 2. Let c be ((-23)/(966/24))/(10/(-35)). Determine w(c).
-34
Let p(t) be the second derivative of -t**5/5 - t**4/12 - t**3/3 - t**2 + t + 300. Suppose -4*r + r - 3*u - 9 = 0, 4*u = -8. Calculate p(r).
3
Let z(v) = v + 14 + 1 - 1. Suppose -331*k = -5*i - 330*k - 58, 3*i - 5*k + 26 = 0. What is z(i)?
2
Let h(l) = -l**3 - l**2 + 37*l + 21. Let c be h(6). Let t(i) = i**2 + 10*i - 3. Determine t(c).
-12
Let v(c) = 2*c**2 - 3. Let s(y) = 7*y**2 + 7*y - 1. Let j(w) = -s(w) + 3*v(w). Give j(-6).
-2
Let w(t) = -4*t + 2*t**2 - 1454978 + 1454979 - t**2 - 26*t**3 + t. Give w(1).
-27
Let f(p) = -p**2 + 5*p + 14. Suppose -72*r + 60*r + 21 - 117 = 0. Determine f(r).
-90
Let k be (-58)/(-203) + 229/7. Let p(b) = k - 73 + b + 24. Let v(t) = t**2 + 8*t + 12. Let y be v(-6). Calculate p(y).
-16
Let a = 57 + -51. Let r(p) = -p**3 + 6*p**2 + 1. Let o be r(a). Let q(f) = 3 + 11*f**2 + 2*f - 3*f - 10*f**2 - o. What is q(2)?
4
Let d(v) = -2*v**2 - 2*v. Suppose x = 2*f - 5*f + 15, 0 = -4*x - 2*f + 20. Suppose 0 = -n - 2*p - 12, 2*n - x*n + 4*p = -18. Give d(n).
-4
Let j(q) = -8*q - 19. Let s(r) = -209*r - 1257. Let n be s(-6). What is j(n)?
5
Let g(i) be the third derivative of -i**6/120 - 3*i**5/20 - i**4/4 - 4*i**3/3 - 323*i**2 + 4*i. Give g(-8).
-24
Suppose -26 = -3*g + 5*l, -3*g = -2*g + 7*l + 26. Let m be 6/2 - (5 - (g - 0)). Let h(i) = -i**3 + i**2 + 9. What is h(m)?
9
Let q be ((-104)/(-16) + 2)*(5 + -3). Let l(i) = i**2 - 14*i - 54. Calculate l(q).
-3
Suppose 5*a + 3 = 5*c - 37, 0 = -2*a + c - 13. Let g(m) = 4*m + 24. Let u(q) = -3*q - 23. Let j(t) = a*g(t) - 6*u(t). What is j(13)?
-8
Let b(a) be the second derivative of -a**4/6 - 53*a**3/6 - 11*a**2 - a + 1198. Give b(-26).
4
Let i(t) be the third derivative of -t**6/120 + 7*t**5/30 - 7*t**4/12 - t**3/6 + 2*t**2. Suppose 511*b = 671 + 5972. What is i(b)?
-14
Suppose -3*j + 3*p + 89 = 11, -2*p = j - 20. Let v be (1/(-3))/((-2)/j). Let k(i) = i**2 - 6*i. Give k(v).
-8
Let d = -9 + 16. Suppose 2*r + 8 = 5*c, -25*r + 30*r - 7 = -c. Suppose -c*g = -g + d. Let f(n) = n**2 + 9*n + 4. What is f(g)?
-10
Let y be (-3)/((-1)/8*6) + 1. Suppose s + 2*w = 16 - y, -3*s = -5*w. Let c(h) = -h**3 + 6*h**2 - 6*h + 12. Determine c(s).
7
Let z(y) = 15*y**3 - 4935*y**2 - 4*y + 1309. Let j be z(329). Let m(b) = -3*b - 3. Let n be m(-3). Let u(t) = 2 + 0*t + n*t - 5*t. Determine u(j).
-5
Let c = -1499 - -1510. Let d(m) = -m + 12. Calculate d(c).
1
Let h(l) = -8 - 6*l + 3*l + 0 + 5. Let o = -93 - -96. Suppose -2*n = f + 4, 2*n - 1 = o*n + f. Give h(n).
6
Let j(a) be the first derivative of a**3/3 - 6*a**2 + 22*a - 7558. Calculate j(10).
2
Let v(w) = -223*w + 269. Let i(p) = -136*p + 134. Let r(t) = -5*i(t) + 3*v(t). Determine r(-12).
5
Let h(t) = -12*t**3 - 15*t**2 - 8*t - 13. Let d(i) = 5*i**3 + 7*i**2 + 3*i + 7. Let r(w) = -5*d(w) - 2*h(w). Give r(-5).
-14
Let f(t) be the first derivative of t**2 + 5*t - 29. Let c = -298 - -292. What is f(c)?
-7
Suppose 2357*i - 120 = 2387*i. Let o(m) be the third derivative of -m**5/24 - m**4/8 - m**3/6 - 2*m**2. Let n(j) be the first derivative of o(j). What is n(i)?
17
Suppose 0 = -8*k + 2*k + 108. Suppose i - k = -5*i. Let d(l) = l - 2*l - 3*l + i*l - 9. Calculate d(-7).
-2
Let p(b) = -b**3 + 6*b**2 - 6*b - 10. Suppose -2*z + 2*i = 4, -2*z - i + 63 - 46 = 0. Calculate p(z).
-15
Let r(t) = 17 + 0*t - 3 - 12 + 12*t. L